 Let f be g(3). Suppose -x = f*x + i. Let y(u) = -13*u**2 + 1. Give y(x).
-12
Let l(p) = -3*p + 24. Suppose -5*r = -2*m + 26, 77*m - 72*m - 5*r - 50 = 0. What is l(m)?
0
Let o(i) = -i**3 - 6*i**2 + 2*i + 5. Let b be o(-6). Let z(j) = 1711*j - 3 - 3 - 1713*j. Calculate z(b).
8
Let c(m) = 6*m + 2. Let s be c(-2). Suppose 21 + 11 = 4*i. Let u be (-20)/i*12/s. Let t(l) = l**3 - 3*l**2 + 3*l. Determine t(u).
9
Let j(n) = -15*n - 14. Let a be j(6). Let v = a + 67. Let x = v - -35. Let r(z) = 11*z + 2. Determine r(x).
-20
Let m(v) = 3*v - 2. Let u(r) be the first derivative of -r**4/4 + 4*r**3/3 + 3*r**2 + r - 10. Let c be u(5). Calculate m(c).
16
Suppose -2*c = 5*o - 101, 3*c - 4*c + 60 = 3*o. Let k be (-135)/(-19) + (-2)/o. Let m(g) = 2*g + 3. Give m(k).
17
Let y = -5 + 7. Let a = 3 - 3. Let g(q) = 2*q + a*q + 0*q - q**2 - q - y. Give g(3).
-8
Let k(s) = 3*s - 18. Let t be k(6). Let x(p) be the second derivative of -p**3/6 - p**2 - 3*p. Give x(t).
-2
Let b be 4/(-10) + 135/(-225). Let c(v) = -3*v. Determine c(b).
3
Let k(y) = 2*y + 1. Let t(q) = q**2 - 3*q + 4. Let u be t(7). Suppose u = -z + 5*z. Suppose 7*m + z = 3*m. What is k(m)?
-3
Let i(z) = z**3 - 3*z**2 + 4. Let d be i(3). Let p(y) = y**2 - 5*y + 6. Let w be p(d). Let a(t) = -3*t**w + 0*t**3 - 2*t**3 + 0*t - 1 - t + 5*t**2. Give a(2).
-11
Let s be 3 - 124/10 - 6/(-15). Let i(r) = -r**3 - 10*r**2 - 11*r - 1. Give i(s).
17
Let b = 13 + -11. Let w(y) be the first derivative of -y**3/3 + 3*y**2 - 3*y + 38. Calculate w(b).
5
Let m(g) = g**3 + 9*g**2 - 22*g - 4. Let f be m(-11). Let h(s) = -s**3 - 5*s**2 - 5*s - 1. What is h(f)?
3
Let y = 23 + -17. Suppose y = 6*n - 4*n. Let w(j) = j**3 + 5*j**2 + 5*j - 2. Let b(o) = -o**3 - 4*o**2 - 4*o + 1. Let t(v) = n*w(v) + 4*b(v). Calculate t(-2).
4
Let v(w) = -1 + 6*w - 2 + 4 - 4*w. Let n be -1 + -1 - (-6)/(-2). Let j = 4 + n. Calculate v(j).
-1
Let a(u) = 2*u + 1. Let s(x) = 13*x - 8. Let k be s(2). Suppose 2*v - 3*o + 2*o = 15, -3*o + k = 3*v. Give a(v).
15
Let t(p) be the third derivative of p**4/24 + 5*p**3/6 - 18*p**2. Let g be (8/12)/(4/12). Let m be 0/1*(-1)/g. What is t(m)?
5
Let x(m) = m**2 - 5*m - 6. Let l(s) = s**3 - 9*s**2 - 9*s - 2. Let u be l(10). Let j(y) = -y**2 + 6*y + 22. Let n be j(u). What is x(n)?
0
Let i(k) = -2*k - 1. Let x = 68 + -63. Suppose -21 + x = -4*b. Calculate i(b).
-9
Let x(l) = l**3 - 8*l**2 + 9*l - 9. Suppose -189 - 21 = -30*p. What is x(p)?
5
Let k(u) = 2*u**2 - 1. Let a(l) = -l**3 + l**2 - l. Let m(o) = 3*o**3 - 6*o**2 + 5*o. Let y(d) = 4*a(d) + m(d). Let i be y(-2). Let z = 0 - i. Determine k(z).
7
Let q(y) = -8*y**3 - 12 + 7*y**3 + 6*y**2 + 4*y - 3 + 6. What is q(6)?
15
Let a(o) = o**2 + o + 5. Let q(b) = 16*b + 30. Let d(t) = t. Let c(x) = 10*d(x) - q(x). Let g be c(-5). Determine a(g).
5
Let b(t) = t**3 + 3*t**2 + 3*t + 2. Let c(v) = -v - 5. Let s be c(-6). Let h(a) = -a - 1. Let l be h(s). Determine b(l).
0
Let g be 48/9*9/6. Suppose -g = -h - h. Let o(r) = -r + 4. Let l be o(h). Let c(i) = i**3 + i + 1. Determine c(l).
1
Suppose 0 = -73*s - 286 - 152. Let b(n) = n**3 + 5*n**2 - 8*n - 11. Determine b(s).
1
Let o(b) = b**2 - 5*b - 8. Let c be o(5). Let z be -3*(c/(-6) + (-6)/18). Let j(f) = f + 1. Give j(z).
-2
Let q(j) = -j**2 + j + 4. Suppose -67 = -6*i + 23. Suppose m + 2 = -3*l + i, m - 5*l = -11. Calculate q(m).
-8
Let p(z) be the first derivative of z**4/4 + 5*z**3/3 + 3*z**2/2 - 2*z + 15. Let a be (-14)/4 + 2/4. Give p(a).
7
Let k(a) be the second derivative of a**5/60 - 3*a**4/8 + 11*a**3/6 + a**2/2 - 12*a. Let z(i) be the first derivative of k(i). Determine z(8).
3
Let a(b) = 21*b - 8. Let r(j) = -2*j + 1. Let z(q) = -2*a(q) - 22*r(q). Give z(5).
4
Let m(u) = u**3 + 8*u**2 - 3*u + 5. Suppose -2*r - 8 = -3*a, 0*r - a = 2*r - 8. Let k(s) = s**2 + s. Let o(f) = r*k(f) - m(f). Determine o(-7).
9
Let n(d) = 2*d. Suppose -l - 2*j = 3*l - 14, j - 2 = -l. Let s(f) = 2*f + l*f + 24 - 9*f. Let x be s(13). Give n(x).
-4
Let s = 37 - 34. Let n(o) = o - s*o - o + 4*o. Let f = -2 - 3. Calculate n(f).
-5
Let b(q) = q**2 + 5*q + 6. Let z(n) = 2*n**3 + 44*n**2 + 47*n + 102. Let c be z(-21). What is b(c)?
0
Let u(g) = -g + 3. Let f(b) = -b + 3. Let r(s) = 3*f(s) - 4*u(s). Let h be (-75)/10 + 1 - 1/2. Let w(q) = q + 10. Let j be w(h). What is r(j)?
0
Let s(b) be the second derivative of b**3/6 + b**2 - 55*b. Suppose 0*p - 4 = -p. What is s(p)?
6
Let t(j) = -2 - 196*j - 4 + 92*j + 101*j. Determine t(8).
-30
Let q(u) be the second derivative of u**3/2 + 3*u**2/2 + 238*u + 2. Let r = -3 - -6. Calculate q(r).
12
Let z(c) = 3*c + 4. Let r(d) = -2*d + 1. Let b be r(-2). Suppose b*t + 6*k - k = 90, 5*t - 86 = -4*k. Suppose 5*w = -6 - t. Calculate z(w).
-8
Let g(j) = 89*j - 1 + j**2 - 172*j + 91*j. Calculate g(-9).
8
Let r = -617 - -612. Let m(q) = -2*q - 5. Calculate m(r).
5
Let u = -129 + 133. Let j(s) be the second derivative of -s**6/360 + s**5/24 + s**4/12 - s**3/6 - s. Let f(h) be the second derivative of j(h). Determine f(u).
6
Let r(a) = 2*a**2 - 13*a + 4. Let j be 2 - 11/4 - (-234)/24. Give r(j).
49
Let j(h) be the second derivative of -h**5/20 - h**4/3 + 5*h**3/6 - h**2 + 247*h. Determine j(-5).
-2
Let y(q) be the third derivative of -q**6/720 + 11*q**4/12 + 10*q**2. Let k(l) be the second derivative of y(l). Determine k(-2).
2
Suppose 4*u - 197 - 127 = 0. Let j(g) = -g - 42 - 35 + u. Calculate j(5).
-1
Let z(w) = w**2 - 7*w - 3. Let u = 1287 - 1279. Calculate z(u).
5
Let z(r) = -2*r + 10. Suppose 6 = 2*l - 2, 4*i - 28 = l. Let o be z(i). Let a(x) = -x**2 - 3*x + 4. What is a(o)?
-14
Let d(u) be the second derivative of -u**5/20 + 3*u**4/2 + u**3/6 - 21*u**2/2 - 76*u. Calculate d(18).
-3
Suppose c = 3*z + 6*c - 3, -3*z = -4*c - 3. Suppose -4*k + k + 6 = 0. Let f(j) = -7 + j**2 + j**k - j**3 + 6. Give f(z).
0
Let g(p) = 2*p**2 + 2. Let o(a) = -a**3 - 24*a**2 - 19. Let u(k) = 8*g(k) + o(k). Give u(-8).
-3
Let s(l) = 8*l + 40. Let f be s(-13). Let z = f - -61. Let k(x) = -x**3 - 5*x**2 - 2*x + 2. Give k(z).
-10
Let t(b) = b**3 + 18*b**2 - 17*b - 24. Let w(n) = -n**2 - n + 1. Let k(c) = -t(c) - 2*w(c). What is k(-17)?
-12
Let x = 3 + 3. Let v(n) = -n**3 + 6*n**2 + n - 14. Let p be v(x). Let h = p + 14. Let d(o) = o**2 - 6*o + 1. What is d(h)?
1
Let o(m) be the third derivative of -m**6/40 - m**5/15 - 7*m**4/24 - m**3/3 - 15*m**2 + 2*m. Let n(x) = x**3 + 1. Let i(j) = -4*n(j) - o(j). Calculate i(5).
8
Let n(z) be the third derivative of -z**5/20 + z**4/24 + z**3/3 - 13*z**2. Let c(v) = v**2 + v - 1. Let w(i) = 4*c(i) + n(i). Calculate w(-4).
-6
Let i(l) = -3*l**2 - 9*l - 12. Let n(q) = 5*q**2 + 14*q + 18. Let b(w) = 8*i(w) + 5*n(w). Let p(k) be the first derivative of b(k). Determine p(5).
8
Suppose 0*o - 4*m + 62 = 3*o, -3*m + 15 = 0. Let y be (3 - o)*1*-1. Let c(j) = y - j**2 - 29 + 20 - 6*j. What is c(-6)?
2
Let p(d) = -d - 6. Let c(y) = -6*y - 36. Let w(o) = 2*c(o) - 13*p(o). What is w(-4)?
2
Suppose -5546 + 5516 = -5*h. Let i(x) be the third derivative of -x**4/24 - 2*x**2. Determine i(h).
-6
Let d(l) = 18*l**2 + 2*l + 1. Suppose 10 = 5*j - 10*k + 7*k, k = -5*j - 10. Give d(j).
17
Suppose 3*t = -0*t + 9. Let b(g) = 2*g - 2*g + t*g. Suppose 106*v = 25 - 237. Calculate b(v).
-6
Let t = 13 + -11. Let y be t - 2 - (1 - 6). Let i(f) = -f**2 + 5*f + 4. Determine i(y).
4
Let q be 3/(-36)*2 - 70/(-60). Let a(n) = -17*n - 1. Calculate a(q).
-18
Let q(d) = 5*d + 9. Let o(u) = 26*u + 46. Suppose -2*x + 22 = 3*n, -2*x - 4*n = -21 - 1. Let l(m) = x*q(m) - 2*o(m). What is l(-5)?
-8
Let u = 189 + -181. Let c(v) = 2*v - 3. Calculate c(u).
13
Let g(s) be the second derivative of -2*s**3/3 - 7*s**2/2 - s. Let t be (-270)/(-2025) + (-77)/15. Calculate g(t).
13
Let o(a) = -9*a**3 - 3*a**2 - 21*a + 9. Let d(n) be the first derivative of 5*n**4/4 + 2*n**3/3 + 11*n**2/2 - 5*n + 19. Let p(u) = 11*d(u) + 6*o(u). Give p(-5).
-1
Let c(b) be the third derivative of b**6/180 + b**5/60 - b**4/12 + 2*b**3 + 6*b**2. Let g(i) be the first derivative of c(i). Calculate g(-3).
10
Suppose -5*n - 5 = -70. Let p(u) = -1 - u**2 - n*u + 5 - 1. Let g be p(-13). Let s(a) = a + 4. Give s(g).
7
Let d be ((1449/345)/((-3)/(-5)))/1. Let z(k) be the first derivative of -k**2 + 8*k - 4. Determine z(d).
-6
Let p(z) = -z**3 + z**2 - 2. Let m be p(2). Suppose 11*d - 14